CRAN Package Check Results for Package fishRman

Last updated on 2025-04-29 13:51:23 CEST.

Flavor Version Tinstall Tcheck Ttotal Status Flags
r-devel-linux-x86_64-debian-clang 1.2.3 8.86 71.56 80.42 OK
r-devel-linux-x86_64-debian-gcc 1.2.3 6.76 50.98 57.74 OK
r-devel-linux-x86_64-fedora-clang 1.2.3 120.67 NOTE
r-devel-linux-x86_64-fedora-gcc 1.2.3 112.10 NOTE
r-devel-windows-x86_64 1.2.3 9.00 80.00 89.00 OK
r-patched-linux-x86_64 1.2.3 7.77 66.13 73.90 OK
r-release-linux-x86_64 1.2.3 8.54 65.97 74.51 OK
r-release-macos-arm64 1.2.3 33.00 OK
r-release-macos-x86_64 1.2.3 67.00 OK
r-release-windows-x86_64 1.2.3 11.00 81.00 92.00 OK
r-oldrel-macos-arm64 1.2.3 31.00 OK
r-oldrel-macos-x86_64 1.2.3 51.00 OK
r-oldrel-windows-x86_64 1.2.3 13.00 98.00 111.00 OK

Check Details

Version: 1.2.3
Check: dependencies in R code
Result: NOTE Namespaces in Imports field not imported from: ‘httr’ ‘jsonlite’ All declared Imports should be used. Flavors: r-devel-linux-x86_64-fedora-clang, r-devel-linux-x86_64-fedora-gcc