Last updated on 2024-06-29 11:49:12 CEST.
Flavor | Version | Tinstall | Tcheck | Ttotal | Status | Flags |
---|---|---|---|---|---|---|
r-devel-linux-x86_64-debian-clang | 0.2.1 | 45.18 | 94.38 | 139.56 | OK | |
r-devel-linux-x86_64-debian-gcc | 0.2.1 | 28.32 | 78.65 | 106.97 | OK | |
r-devel-linux-x86_64-fedora-clang | 0.2.1 | 192.49 | OK | |||
r-devel-linux-x86_64-fedora-gcc | 0.2.1 | 214.58 | OK | |||
r-devel-windows-x86_64 | 0.2.1 | 33.00 | 114.00 | 147.00 | OK | |
r-patched-linux-x86_64 | 0.2.1 | 35.08 | 95.99 | 131.07 | OK | |
r-release-linux-x86_64 | 0.2.1 | 36.29 | 95.72 | 132.01 | OK | |
r-release-macos-arm64 | 0.2.1 | 83.00 | NOTE | |||
r-release-macos-x86_64 | 0.2.1 | 125.00 | NOTE | |||
r-release-windows-x86_64 | 0.2.1 | 31.00 | 115.00 | 146.00 | OK | |
r-oldrel-macos-arm64 | 0.2.1 | 88.00 | NOTE | |||
r-oldrel-macos-x86_64 | 0.2.1 | 191.00 | NOTE | |||
r-oldrel-windows-x86_64 | 0.2.1 | 39.00 | 128.00 | 167.00 | OK |
Version: 0.2.1
Check: installed package size
Result: NOTE
installed size is 8.4Mb
sub-directories of 1Mb or more:
doc 1.1Mb
libs 7.1Mb
Flavors: r-release-macos-arm64, r-release-macos-x86_64, r-oldrel-macos-arm64, r-oldrel-macos-x86_64