Last updated on 2025-02-22 14:53:39 CET.
Flavor | Version | Tinstall | Tcheck | Ttotal | Status | Flags |
---|---|---|---|---|---|---|
r-devel-linux-x86_64-debian-clang | 0.2.3 | 47.81 | 119.23 | 167.04 | NOTE | |
r-devel-linux-x86_64-debian-gcc | 0.2.3 | 32.32 | 80.94 | 113.26 | NOTE | |
r-devel-linux-x86_64-fedora-clang | 0.2.3 | 280.22 | NOTE | |||
r-devel-linux-x86_64-fedora-gcc | 0.2.3 | 270.67 | NOTE | |||
r-devel-macos-arm64 | 0.2.3 | 67.00 | NOTE | |||
r-devel-macos-x86_64 | 0.2.3 | 142.00 | NOTE | |||
r-devel-windows-x86_64 | 0.2.3 | 50.00 | 136.00 | 186.00 | NOTE | |
r-patched-linux-x86_64 | 0.2.3 | 44.09 | 111.38 | 155.47 | NOTE | |
r-release-linux-x86_64 | 0.2.3 | 46.51 | 111.83 | 158.34 | NOTE | |
r-release-macos-arm64 | 0.2.3 | 65.00 | NOTE | |||
r-release-macos-x86_64 | 0.2.3 | 100.00 | NOTE | |||
r-release-windows-x86_64 | 0.2.3 | 52.00 | 133.00 | 185.00 | NOTE | |
r-oldrel-macos-arm64 | 0.2.3 | 76.00 | NOTE | |||
r-oldrel-macos-x86_64 | 0.2.3 | 138.00 | NOTE | |||
r-oldrel-windows-x86_64 | 0.2.3 | 64.00 | 169.00 | 233.00 | NOTE |
Version: 0.2.3
Check: C++ specification
Result: NOTE
Specified C++11: please drop specification unless essential
Flavors: r-devel-linux-x86_64-debian-clang, r-devel-linux-x86_64-debian-gcc, r-devel-linux-x86_64-fedora-clang, r-devel-linux-x86_64-fedora-gcc, r-devel-macos-arm64, r-devel-macos-x86_64, r-devel-windows-x86_64, r-patched-linux-x86_64, r-release-linux-x86_64, r-release-macos-arm64, r-release-macos-x86_64, r-release-windows-x86_64, r-oldrel-macos-arm64, r-oldrel-macos-x86_64, r-oldrel-windows-x86_64