Last updated on 2025-04-30 07:55:08 CEST.
Flavor | Version | Tinstall | Tcheck | Ttotal | Status | Flags |
---|---|---|---|---|---|---|
r-devel-linux-x86_64-debian-clang | 16.3.1 | 18.21 | 208.95 | 227.16 | NOTE | |
r-devel-linux-x86_64-debian-gcc | 16.3.1 | 13.39 | 142.92 | 156.31 | NOTE | |
r-devel-linux-x86_64-fedora-clang | 16.3.1 | 369.43 | OK | |||
r-devel-linux-x86_64-fedora-gcc | 16.3.1 | 350.34 | OK | |||
r-devel-windows-x86_64 | 16.3.1 | 25.00 | 251.00 | 276.00 | OK | |
r-patched-linux-x86_64 | 16.3.1 | 22.68 | 200.16 | 222.84 | OK | |
r-release-linux-x86_64 | 16.3.1 | 18.99 | 198.97 | 217.96 | OK | |
r-release-macos-arm64 | 16.3.1 | 114.00 | OK | |||
r-release-macos-x86_64 | 16.3.1 | 214.00 | OK | |||
r-release-windows-x86_64 | 16.3.1 | 26.00 | 253.00 | 279.00 | OK | |
r-oldrel-macos-arm64 | 16.3.1 | 99.00 | OK | |||
r-oldrel-macos-x86_64 | 16.3.1 | 205.00 | OK | |||
r-oldrel-windows-x86_64 | 16.3.1 | 30.00 | 302.00 | 332.00 | OK |
Version: 16.3.1
Check: examples
Result: NOTE
Examples with CPU (user + system) or elapsed time > 5s
user system elapsed
spatialProcess 5.301 0.056 5.903
Flavor: r-devel-linux-x86_64-debian-clang
Version: 16.3.1
Check: examples
Result: NOTE
Examples with CPU (user + system) or elapsed time > 5s
user system elapsed
spatialProcess 4.512 0.035 5.391
Flavor: r-devel-linux-x86_64-debian-gcc