Last updated on 2024-06-29 23:49:51 CEST.
Flavor | Version | Tinstall | Tcheck | Ttotal | Status | Flags |
---|---|---|---|---|---|---|
r-devel-linux-x86_64-debian-clang | 1.0 | 13.91 | 104.80 | 118.71 | NOTE | |
r-devel-linux-x86_64-debian-gcc | 1.0 | 8.52 | 77.46 | 85.98 | NOTE | |
r-devel-linux-x86_64-fedora-clang | 1.0 | 156.05 | NOTE | |||
r-devel-linux-x86_64-fedora-gcc | 1.0 | 138.26 | NOTE | |||
r-devel-windows-x86_64 | 1.0 | 11.00 | 95.00 | 106.00 | NOTE | |
r-patched-linux-x86_64 | 1.0 | 8.47 | 98.50 | 106.97 | NOTE | |
r-release-linux-x86_64 | 1.0 | 7.39 | 99.23 | 106.62 | NOTE | |
r-release-macos-arm64 | 1.0 | 44.00 | NOTE | |||
r-release-macos-x86_64 | 1.0 | 60.00 | NOTE | |||
r-release-windows-x86_64 | 1.0 | 10.00 | 93.00 | 103.00 | NOTE | |
r-oldrel-macos-arm64 | 1.0 | 43.00 | NOTE | |||
r-oldrel-macos-x86_64 | 1.0 | 68.00 | NOTE | |||
r-oldrel-windows-x86_64 | 1.0 | 15.00 | 112.00 | 127.00 | NOTE |
Version: 1.0
Check: LazyData
Result: NOTE
'LazyData' is specified without a 'data' directory
Flavors: r-devel-linux-x86_64-debian-clang, r-devel-linux-x86_64-debian-gcc, r-devel-linux-x86_64-fedora-clang, r-devel-linux-x86_64-fedora-gcc, r-devel-windows-x86_64, r-patched-linux-x86_64, r-release-linux-x86_64, r-release-macos-arm64, r-release-macos-x86_64, r-release-windows-x86_64, r-oldrel-macos-arm64, r-oldrel-macos-x86_64, r-oldrel-windows-x86_64