Last updated on 2024-06-29 11:49:12 CEST.
Flavor | Version | Tinstall | Tcheck | Ttotal | Status | Flags |
---|---|---|---|---|---|---|
r-devel-linux-x86_64-debian-clang | 1.1.4 | 4.62 | 60.39 | 65.01 | NOTE | |
r-devel-linux-x86_64-debian-gcc | 1.1.4 | 5.08 | 45.47 | 50.55 | NOTE | |
r-devel-linux-x86_64-fedora-clang | 1.1.4 | 88.20 | NOTE | |||
r-devel-linux-x86_64-fedora-gcc | 1.1.4 | 81.00 | NOTE | |||
r-devel-windows-x86_64 | 1.1.4 | 7.00 | 65.00 | 72.00 | NOTE | |
r-patched-linux-x86_64 | 1.1.4 | 4.46 | 58.00 | 62.46 | NOTE | |
r-release-linux-x86_64 | 1.1.4 | 4.79 | 58.26 | 63.05 | NOTE | |
r-release-macos-arm64 | 1.1.4 | 26.00 | NOTE | |||
r-release-macos-x86_64 | 1.1.4 | 40.00 | NOTE | |||
r-release-windows-x86_64 | 1.1.4 | 7.00 | 64.00 | 71.00 | NOTE | |
r-oldrel-macos-arm64 | 1.1.4 | 28.00 | NOTE | |||
r-oldrel-macos-x86_64 | 1.1.4 | 49.00 | NOTE | |||
r-oldrel-windows-x86_64 | 1.1.4 | 9.00 | 74.00 | 83.00 | NOTE |
Version: 1.1.4
Check: LazyData
Result: NOTE
'LazyData' is specified without a 'data' directory
Flavors: r-devel-linux-x86_64-debian-clang, r-devel-linux-x86_64-debian-gcc, r-devel-linux-x86_64-fedora-clang, r-devel-linux-x86_64-fedora-gcc, r-devel-windows-x86_64, r-patched-linux-x86_64, r-release-linux-x86_64, r-release-macos-arm64, r-release-macos-x86_64, r-release-windows-x86_64, r-oldrel-macos-arm64, r-oldrel-macos-x86_64, r-oldrel-windows-x86_64