CRAN Package Check Results for Package fftwtools

Last updated on 2025-05-21 21:49:16 CEST.

Flavor Version Tinstall Tcheck Ttotal Status Flags
r-devel-linux-x86_64-debian-clang 0.9-11 4.22 24.33 28.55 NOTE
r-devel-linux-x86_64-debian-gcc 0.9-11 3.22 20.16 23.38 NOTE
r-devel-linux-x86_64-fedora-clang 0.9-11 44.97 OK
r-devel-linux-x86_64-fedora-gcc 0.9-11 56.70 OK
r-devel-windows-x86_64 0.9-11 6.00 81.00 87.00 OK
r-patched-linux-x86_64 0.9-11 3.21 23.38 26.59 OK
r-release-linux-x86_64 0.9-11 3.11 23.75 26.86 OK
r-release-macos-arm64 0.9-11 30.00 OK
r-release-macos-x86_64 0.9-11 71.00 OK
r-release-windows-x86_64 0.9-11 8.00 77.00 85.00 OK
r-oldrel-macos-arm64 0.9-11 32.00 OK
r-oldrel-macos-x86_64 0.9-11 56.00 OK
r-oldrel-windows-x86_64 0.9-11 5.00 69.00 74.00 OK

Check Details

Version: 0.9-11
Check: CRAN incoming feasibility
Result: NOTE Maintainer: ‘Karim Rahim <karim.rahim@queensu.ca>’ No Authors@R field in DESCRIPTION. Please add one, modifying Authors@R: person(given = "Karim", family = "Rahim", role = c("aut", "cre"), email = "karim.rahim@queensu.ca") as necessary. Flavors: r-devel-linux-x86_64-debian-clang, r-devel-linux-x86_64-debian-gcc