Last updated on 2024-07-02 19:48:11 CEST.
Flavor | Version | Tinstall | Tcheck | Ttotal | Status | Flags |
---|---|---|---|---|---|---|
r-devel-linux-x86_64-debian-clang | 0.6.1 | 122.65 | 36.46 | 159.11 | OK | |
r-devel-linux-x86_64-debian-gcc | 0.6.1 | 84.77 | 28.03 | 112.80 | OK | |
r-devel-linux-x86_64-fedora-clang | 0.6.1 | 214.96 | OK | |||
r-devel-linux-x86_64-fedora-gcc | 0.6.1 | 232.24 | OK | |||
r-devel-windows-x86_64 | 0.6.1 | 86.00 | 74.00 | 160.00 | OK | |
r-patched-linux-x86_64 | 0.6.1 | 90.32 | 35.00 | 125.32 | OK | |
r-release-linux-x86_64 | 0.6.1 | 91.47 | 35.35 | 126.82 | OK | |
r-release-macos-arm64 | 0.6.1 | 49.00 | NOTE | |||
r-release-macos-x86_64 | 0.6.1 | 61.00 | NOTE | |||
r-release-windows-x86_64 | 0.6.1 | 89.00 | 72.00 | 161.00 | OK | |
r-oldrel-macos-arm64 | 0.6.1 | 54.00 | NOTE | |||
r-oldrel-macos-x86_64 | 0.6.1 | 80.00 | NOTE | |||
r-oldrel-windows-x86_64 | 0.6.1 | 104.00 | 85.00 | 189.00 | OK |
Version: 0.6.1
Check: installed package size
Result: NOTE
installed size is 7.6Mb
sub-directories of 1Mb or more:
libs 7.5Mb
Flavors: r-release-macos-arm64, r-release-macos-x86_64, r-oldrel-macos-arm64, r-oldrel-macos-x86_64