CRAN Package Check Results for Package fcuk

Last updated on 2025-05-10 16:52:16 CEST.

Flavor Version Tinstall Tcheck Ttotal Status Flags
r-devel-linux-x86_64-debian-clang 0.1.21 3.57 38.36 41.93 NOTE
r-devel-linux-x86_64-debian-gcc 0.1.21 2.25 28.65 30.90 NOTE
r-devel-linux-x86_64-fedora-clang 0.1.21 62.46 NOTE
r-devel-linux-x86_64-fedora-gcc 0.1.21 104.69 NOTE
r-devel-windows-x86_64 0.1.21 4.00 55.00 59.00 OK
r-patched-linux-x86_64 0.1.21 3.26 34.60 37.86 NOTE
r-release-linux-x86_64 0.1.21 3.42 34.38 37.80 NOTE
r-release-macos-arm64 0.1.21 53.00 OK
r-release-macos-x86_64 0.1.21 93.00 OK
r-release-windows-x86_64 0.1.21 5.00 57.00 62.00 OK
r-oldrel-macos-arm64 0.1.21 42.00 NOTE
r-oldrel-macos-x86_64 0.1.21 66.00 NOTE
r-oldrel-windows-x86_64 0.1.21 6.00 64.00 70.00 NOTE

Check Details

Version: 0.1.21
Check: CRAN incoming feasibility
Result: NOTE Maintainer: ‘Vincent Guyader <vincent@thinkr.fr>’ No Authors@R field in DESCRIPTION. Please add one, modifying Authors@R: person(given = "Vincent", family = "Guyader", role = c("aut", "cre"), email = "vincent@thinkr.fr") as necessary. Flavors: r-devel-linux-x86_64-debian-clang, r-devel-linux-x86_64-debian-gcc

Version: 0.1.21
Check: for non-standard things in the check directory
Result: NOTE Found the following files/directories: ‘.Rprofile’ Flavors: r-devel-linux-x86_64-debian-clang, r-devel-linux-x86_64-debian-gcc, r-devel-linux-x86_64-fedora-clang, r-devel-linux-x86_64-fedora-gcc, r-patched-linux-x86_64, r-release-linux-x86_64

Version: 0.1.21
Check: LazyData
Result: NOTE 'LazyData' is specified without a 'data' directory Flavors: r-oldrel-macos-arm64, r-oldrel-macos-x86_64, r-oldrel-windows-x86_64