Last updated on 2025-04-30 01:50:19 CEST.
Flavor | Version | Tinstall | Tcheck | Ttotal | Status | Flags |
---|---|---|---|---|---|---|
r-devel-linux-x86_64-debian-clang | 2.2 | 21.32 | 304.43 | 325.75 | NOTE | |
r-devel-linux-x86_64-debian-gcc | 2.2 | 19.72 | 220.59 | 240.31 | NOTE | |
r-devel-linux-x86_64-fedora-clang | 2.2 | 541.03 | OK | |||
r-devel-linux-x86_64-fedora-gcc | 2.2 | 520.39 | OK | |||
r-devel-windows-x86_64 | 2.2 | 25.00 | 258.00 | 283.00 | OK | |
r-patched-linux-x86_64 | 2.2 | 21.61 | 297.28 | 318.89 | OK | |
r-release-linux-x86_64 | 2.2 | 21.41 | 293.65 | 315.06 | OK | |
r-release-macos-arm64 | 2.2 | 125.00 | OK | |||
r-release-macos-x86_64 | 2.2 | 263.00 | OK | |||
r-release-windows-x86_64 | 2.2 | 22.00 | 253.00 | 275.00 | OK | |
r-oldrel-macos-arm64 | 2.2 | 127.00 | OK | |||
r-oldrel-macos-x86_64 | 2.2 | 177.00 | OK | |||
r-oldrel-windows-x86_64 | 2.2 | 24.00 | 342.00 | 366.00 | OK |
Version: 2.2
Check: CRAN incoming feasibility
Result: NOTE
Maintainer: ‘Riko Kelter <riko_k@gmx.de>’
No Authors@R field in DESCRIPTION.
Please add one, modifying
Authors@R: person(given = "Riko",
family = "Kelter",
role = c("aut", "cre"),
email = "riko_k@gmx.de")
as necessary.
Flavors: r-devel-linux-x86_64-debian-clang, r-devel-linux-x86_64-debian-gcc