Last updated on 2024-07-03 01:49:03 CEST.
Flavor | Version | Tinstall | Tcheck | Ttotal | Status | Flags |
---|---|---|---|---|---|---|
r-devel-linux-x86_64-debian-clang | 0.1.1 | 91.83 | 29.69 | 121.52 | NOTE | |
r-devel-linux-x86_64-debian-gcc | 0.1.1 | 56.94 | 23.77 | 80.71 | NOTE | |
r-devel-linux-x86_64-fedora-clang | 0.1.1 | 178.43 | NOTE | |||
r-devel-linux-x86_64-fedora-gcc | 0.1.1 | 169.82 | NOTE | |||
r-devel-windows-x86_64 | 0.1.1 | 37.00 | 64.00 | 101.00 | NOTE | |
r-patched-linux-x86_64 | 0.1.1 | 63.02 | 28.46 | 91.48 | NOTE | |
r-release-linux-x86_64 | 0.1.1 | 61.33 | 29.41 | 90.74 | NOTE | |
r-release-macos-arm64 | 0.1.1 | 34.00 | NOTE | |||
r-release-macos-x86_64 | 0.1.1 | 49.00 | NOTE | |||
r-release-windows-x86_64 | 0.1.1 | 36.00 | 61.00 | 97.00 | NOTE | |
r-oldrel-macos-arm64 | 0.1.1 | 38.00 | NOTE | |||
r-oldrel-macos-x86_64 | 0.1.1 | 66.00 | NOTE | |||
r-oldrel-windows-x86_64 | 0.1.1 | 42.00 | 69.00 | 111.00 | NOTE |
Version: 0.1.1
Check: LazyData
Result: NOTE
'LazyData' is specified without a 'data' directory
Flavors: r-devel-linux-x86_64-debian-clang, r-devel-linux-x86_64-debian-gcc, r-devel-linux-x86_64-fedora-clang, r-devel-linux-x86_64-fedora-gcc, r-devel-windows-x86_64, r-patched-linux-x86_64, r-release-linux-x86_64, r-release-macos-arm64, r-release-macos-x86_64, r-release-windows-x86_64, r-oldrel-macos-arm64, r-oldrel-macos-x86_64, r-oldrel-windows-x86_64
Version: 0.1.1
Check: C++ specification
Result: NOTE
Specified C++11: please drop specification unless essential
Flavors: r-devel-windows-x86_64, r-release-windows-x86_64, r-oldrel-windows-x86_64