Last updated on 2024-07-03 01:49:03 CEST.
Flavor | Version | Tinstall | Tcheck | Ttotal | Status | Flags |
---|---|---|---|---|---|---|
r-devel-linux-x86_64-debian-clang | 1.0 | 184.07 | 37.38 | 221.45 | OK | |
r-devel-linux-x86_64-debian-gcc | 1.0 | 115.01 | 29.64 | 144.65 | OK | |
r-devel-linux-x86_64-fedora-clang | 1.0 | 337.70 | OK | |||
r-devel-linux-x86_64-fedora-gcc | 1.0 | 337.42 | OK | |||
r-devel-windows-x86_64 | 1.0 | 135.00 | 74.00 | 209.00 | OK | |
r-patched-linux-x86_64 | 1.0 | 150.32 | 37.61 | 187.93 | OK | |
r-release-linux-x86_64 | 1.0 | 139.39 | 37.07 | 176.46 | OK | |
r-release-macos-arm64 | 1.0 | 56.00 | NOTE | |||
r-release-macos-x86_64 | 1.0 | 59.00 | NOTE | |||
r-release-windows-x86_64 | 1.0 | 139.00 | 79.00 | 218.00 | OK | |
r-oldrel-macos-arm64 | 1.0 | 70.00 | NOTE | |||
r-oldrel-macos-x86_64 | 1.0 | 80.00 | NOTE | |||
r-oldrel-windows-x86_64 | 1.0 | 167.00 | 92.00 | 259.00 | OK |
Version: 1.0
Check: installed package size
Result: NOTE
installed size is 5.7Mb
sub-directories of 1Mb or more:
libs 5.6Mb
Flavors: r-release-macos-arm64, r-release-macos-x86_64, r-oldrel-macos-arm64, r-oldrel-macos-x86_64