Last updated on 2025-07-19 08:48:35 CEST.
Flavor | Version | Tinstall | Tcheck | Ttotal | Status | Flags |
---|---|---|---|---|---|---|
r-devel-linux-x86_64-debian-clang | 0.16.2 | 191.58 | 117.85 | 309.43 | OK | |
r-devel-linux-x86_64-debian-gcc | 0.16.2 | 145.16 | 89.35 | 234.51 | OK | |
r-devel-linux-x86_64-fedora-clang | 0.16.2 | 526.25 | OK | |||
r-devel-linux-x86_64-fedora-gcc | 0.16.2 | 574.85 | OK | |||
r-devel-windows-x86_64 | 0.16.2 | 204.00 | 168.00 | 372.00 | OK | |
r-patched-linux-x86_64 | 0.16.2 | 206.83 | 117.15 | 323.98 | OK | |
r-release-linux-x86_64 | 0.16.2 | 207.23 | 117.92 | 325.15 | OK | |
r-release-macos-arm64 | 0.16.2 | 140.00 | OK | |||
r-release-macos-x86_64 | 0.16.2 | 223.00 | OK | |||
r-release-windows-x86_64 | 0.16.2 | 202.00 | 166.00 | 368.00 | OK | |
r-oldrel-macos-arm64 | 0.16.2 | 133.00 | NOTE | |||
r-oldrel-macos-x86_64 | 0.16.2 | 252.00 | NOTE | |||
r-oldrel-windows-x86_64 | 0.16.2 | 243.00 | 209.00 | 452.00 | NOTE |
Version: 0.16.2
Check: installed package size
Result: NOTE
installed size is 64.8Mb
sub-directories of 1Mb or more:
doc 2.4Mb
help 1.8Mb
libs 59.3Mb
Flavors: r-oldrel-macos-arm64, r-oldrel-macos-x86_64, r-oldrel-windows-x86_64