Last updated on 2024-07-03 01:49:03 CEST.
Flavor | Version | Tinstall | Tcheck | Ttotal | Status | Flags |
---|---|---|---|---|---|---|
r-devel-linux-x86_64-debian-clang | 0.0-4 | 36.55 | 33.23 | 69.78 | OK | |
r-devel-linux-x86_64-debian-gcc | 0.0-4 | 23.92 | 25.09 | 49.01 | OK | |
r-devel-linux-x86_64-fedora-clang | 0.0-4 | 87.90 | NOTE | |||
r-devel-linux-x86_64-fedora-gcc | 0.0-4 | 89.22 | OK | |||
r-devel-windows-x86_64 | 0.0-4 | 27.00 | 72.00 | 99.00 | OK | |
r-patched-linux-x86_64 | 0.0-4 | 25.99 | 30.55 | 56.54 | OK | |
r-release-linux-x86_64 | 0.0-4 | 27.53 | 31.59 | 59.12 | OK | |
r-release-macos-arm64 | 0.0-4 | 28.00 | OK | |||
r-release-macos-x86_64 | 0.0-4 | 57.00 | OK | |||
r-release-windows-x86_64 | 0.0-4 | 27.00 | 77.00 | 104.00 | OK | |
r-oldrel-macos-arm64 | 0.0-4 | 32.00 | OK | |||
r-oldrel-macos-x86_64 | 0.0-4 | 46.00 | OK | |||
r-oldrel-windows-x86_64 | 0.0-4 | 33.00 | 80.00 | 113.00 | OK |
Version: 0.0-4
Check: Rd cross-references
Result: NOTE
Undeclared packages ‘ICSNP’, ‘ICS’ in Rd xrefs
Flavor: r-devel-linux-x86_64-fedora-clang