Last updated on 2024-06-29 11:49:12 CEST.
Flavor | Version | Tinstall | Tcheck | Ttotal | Status | Flags |
---|---|---|---|---|---|---|
r-devel-linux-x86_64-debian-clang | 0.2.1 | 2.91 | 28.71 | 31.62 | NOTE | |
r-devel-linux-x86_64-debian-gcc | 0.2.1 | 2.18 | 21.82 | 24.00 | NOTE | |
r-devel-linux-x86_64-fedora-clang | 0.2.1 | 41.02 | NOTE | |||
r-devel-linux-x86_64-fedora-gcc | 0.2.1 | 51.16 | NOTE | |||
r-devel-windows-x86_64 | 0.2.1 | 5.00 | 43.00 | 48.00 | NOTE | |
r-patched-linux-x86_64 | 0.2.1 | 2.60 | 26.92 | 29.52 | NOTE | |
r-release-linux-x86_64 | 0.2.1 | 1.78 | 27.63 | 29.41 | NOTE | |
r-release-macos-arm64 | 0.2.1 | 23.00 | NOTE | |||
r-release-macos-x86_64 | 0.2.1 | 39.00 | NOTE | |||
r-release-windows-x86_64 | 0.2.1 | 4.00 | 44.00 | 48.00 | NOTE | |
r-oldrel-macos-arm64 | 0.2.1 | 24.00 | NOTE | |||
r-oldrel-macos-x86_64 | 0.2.1 | 29.00 | NOTE | |||
r-oldrel-windows-x86_64 | 0.2.1 | 5.00 | 45.00 | 50.00 | NOTE |
Version: 0.2.1
Check: LazyData
Result: NOTE
'LazyData' is specified without a 'data' directory
Flavors: r-devel-linux-x86_64-debian-clang, r-devel-linux-x86_64-debian-gcc, r-devel-linux-x86_64-fedora-clang, r-devel-linux-x86_64-fedora-gcc, r-devel-windows-x86_64, r-patched-linux-x86_64, r-release-linux-x86_64, r-release-macos-arm64, r-release-macos-x86_64, r-release-windows-x86_64, r-oldrel-macos-arm64, r-oldrel-macos-x86_64, r-oldrel-windows-x86_64
Version: 0.2.1
Check: dependencies in R code
Result: NOTE
Namespace in Imports field not imported from: ‘rlang’
All declared Imports should be used.
Flavors: r-devel-linux-x86_64-fedora-clang, r-devel-linux-x86_64-fedora-gcc