Last updated on 2024-06-08 02:51:48 CEST.
Flavor | Version | Tinstall | Tcheck | Ttotal | Status | Flags |
---|---|---|---|---|---|---|
r-devel-linux-x86_64-debian-clang | 0.3.4 | 38.96 | 200.23 | 239.19 | OK | |
r-devel-linux-x86_64-debian-gcc | 0.3.4 | 25.14 | 145.68 | 170.82 | OK | |
r-devel-linux-x86_64-fedora-clang | 0.3.4 | 312.38 | NOTE | |||
r-devel-linux-x86_64-fedora-gcc | 0.3.4 | 297.78 | OK | |||
r-devel-windows-x86_64 | 0.3.4 | 31.00 | 191.00 | 222.00 | OK | |
r-patched-linux-x86_64 | 0.3.4 | 30.63 | 193.51 | 224.14 | OK | |
r-release-linux-x86_64 | 0.3.4 | 22.76 | 193.91 | 216.67 | OK | |
r-release-macos-arm64 | 0.3.4 | 78.00 | OK | |||
r-release-macos-x86_64 | 0.3.4 | 121.00 | OK | |||
r-release-windows-x86_64 | 0.3.4 | 33.00 | 189.00 | 222.00 | OK | |
r-oldrel-macos-arm64 | 0.3.4 | 83.00 | OK | |||
r-oldrel-macos-x86_64 | 0.3.4 | 181.00 | OK | |||
r-oldrel-windows-x86_64 | 0.3.4 | 39.00 | 240.00 | 279.00 | OK |
Version: 0.3.4
Check: Rd cross-references
Result: NOTE
Undeclared package ‘lmtest’ in Rd xrefs
Flavor: r-devel-linux-x86_64-fedora-clang