Last updated on 2025-05-02 08:49:26 CEST.
Flavor | Version | Tinstall | Tcheck | Ttotal | Status | Flags |
---|---|---|---|---|---|---|
r-devel-linux-x86_64-debian-clang | 1.0.4 | 10.78 | 139.84 | 150.62 | NOTE | |
r-devel-linux-x86_64-debian-gcc | 1.0.4 | 6.78 | 101.27 | 108.05 | OK | |
r-devel-linux-x86_64-fedora-clang | 1.0.4 | 230.28 | OK | |||
r-devel-linux-x86_64-fedora-gcc | 1.0.4 | 216.16 | OK | |||
r-devel-windows-x86_64 | 1.0.4 | 11.00 | 138.00 | 149.00 | OK | |
r-patched-linux-x86_64 | 1.0.4 | 9.57 | 128.59 | 138.16 | OK | |
r-release-linux-x86_64 | OK | |||||
r-release-macos-arm64 | 1.0.4 | 71.00 | OK | |||
r-release-macos-x86_64 | 1.0.4 | 145.00 | OK | |||
r-release-windows-x86_64 | 1.0.4 | 11.00 | 154.00 | 165.00 | OK | |
r-oldrel-macos-arm64 | 1.0.4 | 75.00 | OK | |||
r-oldrel-macos-x86_64 | 1.0.4 | 108.00 | OK | |||
r-oldrel-windows-x86_64 | 1.0.4 | 13.00 | 182.00 | 195.00 | OK |
Version: 1.0.4
Check: examples
Result: NOTE
Examples with CPU (user + system) or elapsed time > 5s
user system elapsed
ezcox_parallel 1.033 0.11 6.971
Flavor: r-devel-linux-x86_64-debian-clang