Last updated on 2025-04-29 19:50:31 CEST.
Flavor | Version | Tinstall | Tcheck | Ttotal | Status | Flags |
---|---|---|---|---|---|---|
r-devel-linux-x86_64-debian-clang | 1.0.0 | 13.65 | 547.82 | 561.47 | NOTE | |
r-devel-linux-x86_64-debian-gcc | 1.0.0 | 9.57 | 323.65 | 333.22 | OK | |
r-devel-linux-x86_64-fedora-clang | 1.0.0 | 942.49 | OK | |||
r-devel-linux-x86_64-fedora-gcc | 1.0.0 | 887.99 | OK | |||
r-devel-windows-x86_64 | 1.0.0 | 15.00 | 464.00 | 479.00 | OK | |
r-patched-linux-x86_64 | 1.0.0 | 9.64 | 510.83 | 520.47 | OK | |
r-release-linux-x86_64 | 1.0.0 | 12.17 | 510.98 | 523.15 | OK | |
r-release-macos-arm64 | 1.0.0 | 190.00 | OK | |||
r-release-macos-x86_64 | 1.0.0 | 516.00 | OK | |||
r-release-windows-x86_64 | 1.0.0 | 14.00 | 464.00 | 478.00 | OK | |
r-oldrel-macos-arm64 | 1.0.0 | 158.00 | OK | |||
r-oldrel-macos-x86_64 | 1.0.0 | 280.00 | OK | |||
r-oldrel-windows-x86_64 | 1.0.0 | 18.00 | 656.00 | 674.00 | OK |
Version: 1.0.0
Check: examples
Result: NOTE
Examples with CPU (user + system) or elapsed time > 5s
user system elapsed
cECM 4.950 0.058 5.943
export_ecm 4.900 0.039 6.030
plot.cECM 4.858 0.059 5.941
Flavor: r-devel-linux-x86_64-debian-clang