Last updated on 2024-06-29 11:49:12 CEST.
Flavor | Version | Tinstall | Tcheck | Ttotal | Status | Flags |
---|---|---|---|---|---|---|
r-devel-linux-x86_64-debian-clang | 0.1.0 | 3.89 | 25.43 | 29.32 | OK | |
r-devel-linux-x86_64-debian-gcc | 0.1.0 | 3.70 | 19.86 | 23.56 | OK | |
r-devel-linux-x86_64-fedora-clang | 0.1.0 | 38.60 | NOTE | |||
r-devel-linux-x86_64-fedora-gcc | 0.1.0 | 36.26 | NOTE | |||
r-devel-windows-x86_64 | 0.1.0 | 7.00 | 42.00 | 49.00 | OK | |
r-patched-linux-x86_64 | 0.1.0 | 4.08 | 24.27 | 28.35 | OK | |
r-release-linux-x86_64 | 0.1.0 | 4.57 | 25.03 | 29.60 | OK | |
r-release-macos-arm64 | 0.1.0 | 18.00 | OK | |||
r-release-macos-x86_64 | 0.1.0 | 25.00 | OK | |||
r-release-windows-x86_64 | 0.1.0 | 6.00 | 43.00 | 49.00 | OK | |
r-oldrel-macos-arm64 | 0.1.0 | 22.00 | OK | |||
r-oldrel-macos-x86_64 | 0.1.0 | 26.00 | OK | |||
r-oldrel-windows-x86_64 | 0.1.0 | 8.00 | 45.00 | 53.00 | OK |
Version: 0.1.0
Check: dependencies in R code
Result: NOTE
Namespace in Imports field not imported from: ‘dplyr’
All declared Imports should be used.
Flavors: r-devel-linux-x86_64-fedora-clang, r-devel-linux-x86_64-fedora-gcc