Last updated on 2024-06-29 11:49:12 CEST.
Flavor | Version | Tinstall | Tcheck | Ttotal | Status | Flags |
---|---|---|---|---|---|---|
r-devel-linux-x86_64-debian-clang | 0.0.4 | 4.14 | 56.41 | 60.55 | NOTE | |
r-devel-linux-x86_64-debian-gcc | 0.0.4 | 3.92 | 41.99 | 45.91 | NOTE | |
r-devel-linux-x86_64-fedora-clang | 0.0.4 | 78.51 | NOTE | |||
r-devel-linux-x86_64-fedora-gcc | 0.0.4 | 70.81 | NOTE | |||
r-devel-windows-x86_64 | 0.0.4 | 7.00 | 65.00 | 72.00 | NOTE | |
r-patched-linux-x86_64 | 0.0.4 | 5.86 | 53.70 | 59.56 | NOTE | |
r-release-linux-x86_64 | 0.0.4 | 4.40 | 54.22 | 58.62 | NOTE | |
r-release-macos-arm64 | 0.0.4 | 27.00 | NOTE | |||
r-release-macos-x86_64 | 0.0.4 | 45.00 | NOTE | |||
r-release-windows-x86_64 | 0.0.4 | 7.00 | 66.00 | 73.00 | NOTE | |
r-oldrel-macos-arm64 | 0.0.4 | 29.00 | NOTE | |||
r-oldrel-macos-x86_64 | 0.0.4 | 38.00 | NOTE | |||
r-oldrel-windows-x86_64 | 0.0.4 | 8.00 | 72.00 | 80.00 | NOTE |
Version: 0.0.4
Check: Rd files
Result: NOTE
checkRd: (-1) codePasses.Rd:64: Escaped LaTeX specials: \#
Flavors: r-devel-linux-x86_64-debian-clang, r-devel-linux-x86_64-debian-gcc, r-devel-linux-x86_64-fedora-clang, r-devel-linux-x86_64-fedora-gcc, r-devel-windows-x86_64, r-patched-linux-x86_64, r-release-linux-x86_64, r-release-macos-arm64, r-release-macos-x86_64, r-release-windows-x86_64, r-oldrel-macos-arm64, r-oldrel-macos-x86_64, r-oldrel-windows-x86_64