Last updated on 2025-11-02 02:50:44 CET.
| Flavor | Version | Tinstall | Tcheck | Ttotal | Status | Flags |
|---|---|---|---|---|---|---|
| r-devel-linux-x86_64-debian-clang | 1.3.0 | 6.62 | 81.74 | 88.36 | OK | |
| r-devel-linux-x86_64-debian-gcc | 1.3.0 | 4.10 | 58.00 | 62.10 | OK | |
| r-devel-linux-x86_64-fedora-clang | 1.3.0 | 17.00 | 116.47 | 133.47 | OK | |
| r-devel-linux-x86_64-fedora-gcc | 1.3.0 | 18.00 | 122.77 | 140.77 | OK | |
| r-devel-windows-x86_64 | 1.3.0 | 8.00 | 95.00 | 103.00 | OK | |
| r-patched-linux-x86_64 | 1.3.0 | 6.72 | 74.27 | 80.99 | OK | |
| r-release-linux-x86_64 | 1.3.0 | 7.15 | 75.20 | 82.35 | OK | |
| r-release-macos-arm64 | 1.3.0 | 3.00 | 39.00 | 42.00 | OK | |
| r-release-macos-x86_64 | 1.3.0 | 17.00 | 153.00 | 170.00 | OK | |
| r-release-windows-x86_64 | 1.3.0 | 7.00 | 93.00 | 100.00 | OK | |
| r-oldrel-macos-arm64 | 1.2.1 | 3.00 | 42.00 | 45.00 | NOTE | |
| r-oldrel-macos-x86_64 | 1.2.1 | 5.00 | 67.00 | 72.00 | NOTE | |
| r-oldrel-windows-x86_64 | 1.2.1 | 12.00 | 119.00 | 131.00 | NOTE |
Version: 1.2.1
Check: package subdirectories
Result: NOTE
Problems with news in ‘NEWS.md’:
Cannot extract version info from the following section titles:
Functions and objects (details)
Flavors: r-oldrel-macos-arm64, r-oldrel-macos-x86_64, r-oldrel-windows-x86_64
Version: 1.2.1
Check: Rd files
Result: NOTE
checkRd: (-1) va.Rd:80: Lost braces
80 | \doi{10.1016/s0002-9394(02)01825-1}{Beck et al.}, and
| ^
Flavors: r-oldrel-macos-arm64, r-oldrel-macos-x86_64, r-oldrel-windows-x86_64