Last updated on 2025-04-30 07:55:07 CEST.
Flavor | Version | Tinstall | Tcheck | Ttotal | Status | Flags |
---|---|---|---|---|---|---|
r-devel-linux-x86_64-debian-clang | 1.8 | 1.93 | 26.94 | 28.87 | NOTE | |
r-devel-linux-x86_64-debian-gcc | 1.8 | 1.36 | 20.26 | 21.62 | NOTE | |
r-devel-linux-x86_64-fedora-clang | 1.8 | 45.11 | OK | |||
r-devel-linux-x86_64-fedora-gcc | 1.8 | 42.73 | OK | |||
r-devel-windows-x86_64 | 1.8 | 3.00 | 46.00 | 49.00 | OK | |
r-patched-linux-x86_64 | 1.8 | 1.80 | 25.89 | 27.69 | OK | |
r-release-linux-x86_64 | 1.8 | 1.82 | 25.87 | 27.69 | OK | |
r-release-macos-arm64 | 1.8 | 17.00 | OK | |||
r-release-macos-x86_64 | 1.8 | 36.00 | OK | |||
r-release-windows-x86_64 | 1.8 | 2.00 | 51.00 | 53.00 | OK | |
r-oldrel-macos-arm64 | 1.8 | 16.00 | OK | |||
r-oldrel-macos-x86_64 | 1.8 | 29.00 | OK | |||
r-oldrel-windows-x86_64 | 1.8 | 4.00 | 46.00 | 50.00 | OK |
Version: 1.8
Check: CRAN incoming feasibility
Result: NOTE
Maintainer: ‘Bikram Karmakar <bkarmakar@ufl.edu>’
No Authors@R field in DESCRIPTION.
Please add one, modifying
Authors@R: person(given = "Bikram",
family = "Karmakar",
role = c("aut", "cre"),
email = "bkarmakar@ufl.edu")
as necessary.
Flavors: r-devel-linux-x86_64-debian-clang, r-devel-linux-x86_64-debian-gcc
Version: 1.8
Check: examples
Result: NOTE
Examples with CPU (user + system) or elapsed time > 5s
user system elapsed
evidenceFactors-package 3.383 0.023 5.555
Flavor: r-devel-linux-x86_64-debian-clang