CRAN Package Check Results for Package evclass

Last updated on 2025-10-12 07:50:53 CEST.

Flavor Version Tinstall Tcheck Ttotal Status Flags
r-devel-linux-x86_64-debian-clang 2.0.2 3.25 68.15 71.40 NOTE
r-devel-linux-x86_64-debian-gcc 2.0.2 2.20 46.18 48.38 NOTE
r-devel-linux-x86_64-fedora-clang 2.0.2 114.59 OK
r-devel-linux-x86_64-fedora-gcc 2.0.2 127.22 OK
r-devel-windows-x86_64 2.0.2 5.00 80.00 85.00 OK
r-patched-linux-x86_64 2.0.2 3.63 63.39 67.02 OK
r-release-linux-x86_64 2.0.2 2.89 63.50 66.39 OK
r-release-macos-arm64 2.0.2 50.00 OK
r-release-macos-x86_64 2.0.2 73.00 OK
r-release-windows-x86_64 2.0.2 5.00 83.00 88.00 OK
r-oldrel-macos-arm64 2.0.2 39.00 OK
r-oldrel-macos-x86_64 2.0.2 57.00 OK
r-oldrel-windows-x86_64 2.0.2 7.00 104.00 111.00 OK

Check Details

Version: 2.0.2
Check: CRAN incoming feasibility
Result: NOTE Maintainer: ‘Thierry Denoeux <tdenoeux@utc.fr>’ No Authors@R field in DESCRIPTION. Please add one, modifying Authors@R: person(given = "Thierry", family = "Denoeux", role = c("aut", "cre"), email = "tdenoeux@utc.fr") as necessary. Flavors: r-devel-linux-x86_64-debian-clang, r-devel-linux-x86_64-debian-gcc