Last updated on 2025-05-24 23:50:10 CEST.
Flavor | Version | Tinstall | Tcheck | Ttotal | Status | Flags |
---|---|---|---|---|---|---|
r-devel-linux-x86_64-debian-clang | 0.2.2 | 2.08 | 22.21 | 24.29 | NOTE | |
r-devel-linux-x86_64-debian-gcc | 0.2.2 | 1.87 | 17.63 | 19.50 | NOTE | |
r-devel-linux-x86_64-fedora-clang | 0.2.2 | 39.15 | NOTE | |||
r-devel-linux-x86_64-fedora-gcc | 0.2.2 | 36.71 | NOTE | |||
r-devel-windows-x86_64 | 0.2.2 | 5.00 | 80.00 | 85.00 | NOTE | |
r-patched-linux-x86_64 | 0.2.2 | 2.49 | 21.00 | 23.49 | NOTE | |
r-release-linux-x86_64 | 0.2.2 | 2.25 | 21.42 | 23.67 | NOTE | |
r-release-macos-arm64 | 0.2.2 | 18.00 | NOTE | |||
r-release-macos-x86_64 | 0.2.2 | 27.00 | NOTE | |||
r-release-windows-x86_64 | 0.2.2 | 4.00 | 43.00 | 47.00 | NOTE | |
r-oldrel-macos-arm64 | 0.2.2 | 18.00 | NOTE | |||
r-oldrel-macos-x86_64 | 0.2.2 | 24.00 | NOTE | |||
r-oldrel-windows-x86_64 | 0.2.2 | 5.00 | 48.00 | 53.00 | NOTE |
Version: 0.2.2
Check: Rd files
Result: NOTE
checkRd: (-1) enp.Rd:30: Lost braces in \itemize; \value handles \item{}{} directly
checkRd: (-1) enp.Rd:31: Lost braces in \itemize; \value handles \item{}{} directly
checkRd: (-1) evolat.Rd:49: Lost braces in \itemize; \value handles \item{}{} directly
checkRd: (-1) evolat.Rd:50: Lost braces in \itemize; \value handles \item{}{} directly
checkRd: (-1) psns.Rd:37: Lost braces in \itemize; \value handles \item{}{} directly
checkRd: (-1) psns.Rd:38: Lost braces in \itemize; \value handles \item{}{} directly
Flavors: r-devel-linux-x86_64-debian-clang, r-devel-linux-x86_64-debian-gcc, r-devel-linux-x86_64-fedora-clang, r-devel-linux-x86_64-fedora-gcc, r-devel-windows-x86_64, r-patched-linux-x86_64, r-release-linux-x86_64, r-release-macos-arm64, r-release-macos-x86_64, r-release-windows-x86_64, r-oldrel-macos-arm64, r-oldrel-macos-x86_64, r-oldrel-windows-x86_64