Last updated on 2024-06-29 11:49:11 CEST.
Flavor | Version | Tinstall | Tcheck | Ttotal | Status | Flags |
---|---|---|---|---|---|---|
r-devel-linux-x86_64-debian-clang | 0.3-1 | 137.47 | 257.51 | 394.98 | OK | |
r-devel-linux-x86_64-debian-gcc | 0.3-1 | 98.34 | 186.26 | 284.60 | OK | |
r-devel-linux-x86_64-fedora-clang | 0.3-1 | 528.87 | OK | |||
r-devel-linux-x86_64-fedora-gcc | 0.3-1 | 523.84 | OK | |||
r-devel-windows-x86_64 | 0.3-1 | 106.00 | 207.00 | 313.00 | OK | |
r-patched-linux-x86_64 | 0.3-1 | 120.47 | 244.65 | 365.12 | OK | |
r-release-linux-x86_64 | 0.3-1 | 118.05 | 249.17 | 367.22 | OK | |
r-release-macos-arm64 | 0.3-1 | 121.00 | NOTE | |||
r-release-macos-x86_64 | 0.3-1 | 194.00 | NOTE | |||
r-release-windows-x86_64 | 0.3-1 | 103.00 | 215.00 | 318.00 | OK | |
r-oldrel-macos-arm64 | 0.3-1 | 121.00 | NOTE | |||
r-oldrel-macos-x86_64 | 0.3-1 | 326.00 | NOTE | |||
r-oldrel-windows-x86_64 | 0.3-1 | 129.00 | 281.00 | 410.00 | OK |
Version: 0.3-1
Check: installed package size
Result: NOTE
installed size is 5.6Mb
sub-directories of 1Mb or more:
libs 4.2Mb
Flavors: r-release-macos-arm64, r-release-macos-x86_64, r-oldrel-macos-arm64, r-oldrel-macos-x86_64