Last updated on 2024-06-29 11:49:11 CEST.
Flavor | Version | Tinstall | Tcheck | Ttotal | Status | Flags |
---|---|---|---|---|---|---|
r-devel-linux-x86_64-debian-clang | 0.2.0 | 9.38 | 76.13 | 85.51 | OK | |
r-devel-linux-x86_64-debian-gcc | 0.2.0 | 6.07 | 56.05 | 62.12 | OK | |
r-devel-linux-x86_64-fedora-clang | 0.2.0 | 107.61 | NOTE | |||
r-devel-linux-x86_64-fedora-gcc | 0.2.0 | 111.64 | OK | |||
r-devel-windows-x86_64 | 0.2.0 | 8.00 | 81.00 | 89.00 | NOTE | |
r-patched-linux-x86_64 | 0.2.0 | 15.75 | 70.75 | 86.50 | OK | |
r-release-linux-x86_64 | 0.2.0 | 5.63 | 73.23 | 78.86 | OK | |
r-release-macos-arm64 | 0.2.0 | 35.00 | NOTE | |||
r-release-macos-x86_64 | 0.2.0 | 59.00 | NOTE | |||
r-release-windows-x86_64 | 0.2.0 | 9.00 | 81.00 | 90.00 | NOTE | |
r-oldrel-macos-arm64 | 0.2.0 | 46.00 | NOTE | |||
r-oldrel-macos-x86_64 | 0.2.0 | 87.00 | NOTE | |||
r-oldrel-windows-x86_64 | 0.2.0 | 10.00 | 92.00 | 102.00 | NOTE |
Version: 0.2.0
Check: installed package size
Result: NOTE
installed size is 5.7Mb
sub-directories of 1Mb or more:
doc 2.9Mb
help 2.5Mb
Flavors: r-devel-linux-x86_64-fedora-clang, r-devel-windows-x86_64, r-release-macos-arm64, r-release-macos-x86_64, r-release-windows-x86_64, r-oldrel-macos-arm64, r-oldrel-macos-x86_64, r-oldrel-windows-x86_64