Last updated on 2025-05-09 10:49:27 CEST.
Flavor | Version | Tinstall | Tcheck | Ttotal | Status | Flags |
---|---|---|---|---|---|---|
r-devel-linux-x86_64-debian-clang | 0.5.1 | 37.71 | 165.66 | 203.37 | NOTE | |
r-devel-linux-x86_64-debian-gcc | 0.5.1 | 24.23 | 103.06 | 127.29 | NOTE | |
r-devel-linux-x86_64-fedora-clang | 0.5.1 | 313.75 | OK | |||
r-devel-linux-x86_64-fedora-gcc | 0.5.1 | 335.54 | OK | |||
r-devel-windows-x86_64 | 0.5.1 | 35.00 | 145.00 | 180.00 | OK | |
r-patched-linux-x86_64 | 0.5.1 | 36.01 | 154.55 | 190.56 | OK | |
r-release-linux-x86_64 | 0.5.1 | 36.77 | 154.81 | 191.58 | OK | |
r-release-macos-arm64 | 0.5.1 | 61.00 | OK | |||
r-release-macos-x86_64 | 0.5.1 | 149.00 | OK | |||
r-release-windows-x86_64 | 0.5.1 | 33.00 | 149.00 | 182.00 | OK | |
r-oldrel-macos-arm64 | 0.5.1 | 60.00 | OK | |||
r-oldrel-macos-x86_64 | 0.5.1 | 131.00 | OK | |||
r-oldrel-windows-x86_64 | 0.5.1 | 49.00 | 190.00 | 239.00 | OK |
Version: 0.5.1
Check: CRAN incoming feasibility
Result: NOTE
Maintainer: ‘Andreas Schulz <ades-s@web.de>’
No Authors@R field in DESCRIPTION.
Please add one, modifying
Authors@R: person(given = "Andreas",
family = "Schulz",
role = c("aut", "cre"),
email = "ades-s@web.de")
as necessary.
Flavors: r-devel-linux-x86_64-debian-clang, r-devel-linux-x86_64-debian-gcc