Last updated on 2025-05-06 09:50:49 CEST.
Flavor | Version | Tinstall | Tcheck | Ttotal | Status | Flags |
---|---|---|---|---|---|---|
r-devel-linux-x86_64-debian-clang | 1.0.0 | 36.69 | 22.96 | 59.65 | OK | |
r-devel-linux-x86_64-debian-gcc | 1.0.0 | 37.35 | 19.25 | 56.60 | OK | |
r-devel-linux-x86_64-fedora-clang | 1.0.0 | 100.91 | OK | |||
r-devel-linux-x86_64-fedora-gcc | 1.0.0 | 99.78 | OK | |||
r-devel-windows-x86_64 | 1.0.0 | 40.00 | 45.00 | 85.00 | OK | |
r-patched-linux-x86_64 | 1.0.0 | 36.45 | 22.66 | 59.11 | OK | |
r-release-linux-x86_64 | 1.0.0 | 35.38 | 22.89 | 58.27 | OK | |
r-release-macos-arm64 | 1.0.0 | 54.00 | OK | |||
r-release-macos-x86_64 | 1.0.0 | 74.00 | OK | |||
r-release-windows-x86_64 | 1.0.0 | 41.00 | 44.00 | 85.00 | OK | |
r-oldrel-macos-arm64 | 1.0.0 | 52.00 | NOTE | |||
r-oldrel-macos-x86_64 | 1.0.0 | 56.00 | NOTE | |||
r-oldrel-windows-x86_64 | 1.0.0 | 42.00 | 50.00 | 92.00 | NOTE |
Version: 1.0.0
Check: installed package size
Result: NOTE
installed size is 7.3Mb
sub-directories of 1Mb or more:
data 7.2Mb
Flavors: r-oldrel-macos-arm64, r-oldrel-macos-x86_64, r-oldrel-windows-x86_64