CRAN Package Check Results for Package ensembleMOS

Last updated on 2025-11-20 02:49:13 CET.

Flavor Version Tinstall Tcheck Ttotal Status Flags
r-devel-linux-x86_64-debian-clang 0.8.2 8.61 70.86 79.47 NOTE
r-devel-linux-x86_64-debian-gcc 0.8.2 5.33 48.29 53.62 NOTE
r-devel-linux-x86_64-fedora-clang 0.8.2 19.00 110.42 129.42 OK
r-devel-linux-x86_64-fedora-gcc 0.8.2 17.00 101.24 118.24 OK
r-devel-windows-x86_64 0.8.2 9.00 81.00 90.00 OK
r-patched-linux-x86_64 0.8.2 7.75 67.05 74.80 OK
r-release-linux-x86_64 0.8.2 8.04 66.98 75.02 OK
r-release-macos-arm64 0.8.2 OK
r-release-macos-x86_64 0.8.2 7.00 63.00 70.00 OK
r-release-windows-x86_64 0.8.2 9.00 81.00 90.00 OK
r-oldrel-macos-arm64 0.8.2 OK
r-oldrel-macos-x86_64 0.8.2 10.00 73.00 83.00 OK
r-oldrel-windows-x86_64 0.8.2 12.00 98.00 110.00 OK

Check Details

Version: 0.8.2
Check: CRAN incoming feasibility
Result: NOTE Maintainer: ‘Sandor Baran <baran.sandor@inf.unideb.hu>’ No Authors@R field in DESCRIPTION. Please add one, modifying Authors@R: c(person(given = "RA", family = "Yuen", role = "aut"), person(given = "Sandor", family = "Baran", role = c("aut", "cre"), email = "baran.sandor@inf.unideb.hu"), person(given = "Chris", family = "Fraley", role = "aut"), person(given = "Tilmann", family = "Gneiting", role = "aut"), person(given = "Sebastian", family = "Lerch", role = "aut"), person(given = "Michael", family = "Scheuerer", role = "aut"), person(given = "Thordis", family = "Thorarinsdottir", role = "aut")) as necessary. Flavors: r-devel-linux-x86_64-debian-clang, r-devel-linux-x86_64-debian-gcc