Last updated on 2024-06-29 11:49:11 CEST.
Flavor | Version | Tinstall | Tcheck | Ttotal | Status | Flags |
---|---|---|---|---|---|---|
r-devel-linux-x86_64-debian-clang | 1.3.2 | 8.43 | 95.27 | 103.70 | OK | |
r-devel-linux-x86_64-debian-gcc | 1.3.2 | 6.68 | 69.84 | 76.52 | OK | |
r-devel-linux-x86_64-fedora-clang | 1.3.2 | 125.77 | NOTE | |||
r-devel-linux-x86_64-fedora-gcc | 1.3.2 | 118.86 | OK | |||
r-devel-windows-x86_64 | 1.3.2 | 8.00 | 82.00 | 90.00 | OK | |
r-patched-linux-x86_64 | 1.3.2 | 8.27 | 85.81 | 94.08 | OK | |
r-release-linux-x86_64 | 1.3.2 | 7.06 | 89.12 | 96.18 | OK | |
r-release-macos-arm64 | 1.3.2 | 34.00 | OK | |||
r-release-macos-x86_64 | 1.3.2 | 52.00 | OK | |||
r-release-windows-x86_64 | 1.3.2 | 9.00 | 82.00 | 91.00 | OK | |
r-oldrel-macos-arm64 | 1.3.2 | 38.00 | OK | |||
r-oldrel-macos-x86_64 | 1.3.2 | 64.00 | OK | |||
r-oldrel-windows-x86_64 | 1.3.2 | 10.00 | 98.00 | 108.00 | OK |
Version: 1.3.2
Check: Rd cross-references
Result: NOTE
Undeclared packages ‘Kendall’, ‘geoR’ in Rd xrefs
Flavor: r-devel-linux-x86_64-fedora-clang