Last updated on 2025-04-29 19:50:30 CEST.
Flavor | Version | Tinstall | Tcheck | Ttotal | Status | Flags |
---|---|---|---|---|---|---|
r-devel-linux-x86_64-debian-clang | 2.2.2 | 24.84 | 186.69 | 211.53 | NOTE | |
r-devel-linux-x86_64-debian-gcc | 2.2.2 | 16.14 | 132.93 | 149.07 | NOTE | |
r-devel-linux-x86_64-fedora-clang | 2.2.2 | 362.20 | OK | |||
r-devel-linux-x86_64-fedora-gcc | 2.2.2 | 368.62 | OK | |||
r-devel-windows-x86_64 | 2.2.2 | 26.00 | 187.00 | 213.00 | NOTE | |
r-patched-linux-x86_64 | 2.2.2 | 23.68 | 184.12 | 207.80 | NOTE | |
r-release-linux-x86_64 | 2.2.2 | 27.31 | 182.65 | 209.96 | NOTE | |
r-release-macos-arm64 | 2.2.2 | 80.00 | OK | |||
r-release-macos-x86_64 | 2.2.2 | 186.00 | OK | |||
r-release-windows-x86_64 | 2.2.2 | 27.00 | 185.00 | 212.00 | NOTE | |
r-oldrel-macos-arm64 | 2.2.2 | 104.00 | OK | |||
r-oldrel-macos-x86_64 | 2.2.2 | 277.00 | OK | |||
r-oldrel-windows-x86_64 | 2.2.2 | 35.00 | 234.00 | 269.00 | OK |
Version: 2.2.2
Check: Rd cross-references
Result: NOTE
Found the following Rd file(s) with Rd \link{} targets missing package
anchors:
write.excel.Rd: openxlsx
Please provide package anchors for all Rd \link{} targets not in the
package itself and the base packages.
Flavors: r-devel-linux-x86_64-debian-clang, r-devel-linux-x86_64-debian-gcc, r-devel-windows-x86_64, r-patched-linux-x86_64, r-release-linux-x86_64, r-release-windows-x86_64