Last updated on 2024-06-29 11:49:11 CEST.
Flavor | Version | Tinstall | Tcheck | Ttotal | Status | Flags |
---|---|---|---|---|---|---|
r-devel-linux-x86_64-debian-clang | 1.3.13 | 8.91 | 99.21 | 108.12 | NOTE | |
r-devel-linux-x86_64-debian-gcc | 1.3.13 | 7.04 | 74.01 | 81.05 | NOTE | |
r-devel-linux-x86_64-fedora-clang | 1.3.13 | 137.31 | NOTE | |||
r-devel-linux-x86_64-fedora-gcc | 1.3.13 | 132.59 | NOTE | |||
r-devel-windows-x86_64 | 1.3.13 | 10.00 | 96.00 | 106.00 | NOTE | |
r-patched-linux-x86_64 | 1.3.13 | 12.42 | 94.98 | 107.40 | NOTE | |
r-release-linux-x86_64 | 1.3.13 | 7.50 | 95.87 | 103.37 | NOTE | |
r-release-macos-arm64 | 1.3.13 | 38.00 | NOTE | |||
r-release-macos-x86_64 | 1.3.13 | 86.00 | NOTE | |||
r-release-windows-x86_64 | 1.3.13 | 10.00 | 95.00 | 105.00 | NOTE | |
r-oldrel-macos-arm64 | 1.3.13 | 41.00 | OK | |||
r-oldrel-macos-x86_64 | 1.3.13 | 105.00 | OK | |||
r-oldrel-windows-x86_64 | 1.3.13 | 13.00 | 112.00 | 125.00 | OK |
Version: 1.3.13
Check: Rd files
Result: NOTE
checkRd: (-1) NEWS.Rd:194: Lost braces; missing escapes or markup?
194 | \item added {d,r}betabinom
| ^
Flavors: r-devel-linux-x86_64-debian-clang, r-devel-linux-x86_64-debian-gcc, r-devel-linux-x86_64-fedora-clang, r-devel-linux-x86_64-fedora-gcc, r-devel-windows-x86_64, r-patched-linux-x86_64, r-release-linux-x86_64, r-release-macos-arm64, r-release-macos-x86_64, r-release-windows-x86_64