Last updated on 2024-06-29 23:49:50 CEST.
Flavor | Version | Tinstall | Tcheck | Ttotal | Status | Flags |
---|---|---|---|---|---|---|
r-devel-linux-x86_64-debian-clang | 0.1.2 | 3.50 | 37.26 | 40.76 | OK | |
r-devel-linux-x86_64-debian-gcc | 0.1.2 | 3.69 | 27.62 | 31.31 | OK | |
r-devel-linux-x86_64-fedora-clang | 0.1.2 | 52.03 | NOTE | |||
r-devel-linux-x86_64-fedora-gcc | 0.1.2 | 49.60 | NOTE | |||
r-devel-windows-x86_64 | 0.1.2 | 5.00 | 50.00 | 55.00 | OK | |
r-patched-linux-x86_64 | 0.1.2 | 4.28 | 35.63 | 39.91 | OK | |
r-release-linux-x86_64 | 0.1.2 | 4.57 | 34.85 | 39.42 | OK | |
r-release-macos-arm64 | 0.1.2 | 22.00 | OK | |||
r-release-macos-x86_64 | 0.1.2 | 29.00 | OK | |||
r-release-windows-x86_64 | 0.1.2 | 5.00 | 50.00 | 55.00 | OK | |
r-oldrel-macos-arm64 | 0.1.2 | 22.00 | OK | |||
r-oldrel-macos-x86_64 | 0.1.2 | 29.00 | OK | |||
r-oldrel-windows-x86_64 | 0.1.2 | 6.00 | 56.00 | 62.00 | OK |
Version: 0.1.2
Check: dependencies in R code
Result: NOTE
Namespace in Imports field not imported from: ‘datasets’
All declared Imports should be used.
Flavors: r-devel-linux-x86_64-fedora-clang, r-devel-linux-x86_64-fedora-gcc