Last updated on 2025-04-16 20:48:41 CEST.
Flavor | Version | Tinstall | Tcheck | Ttotal | Status | Flags |
---|---|---|---|---|---|---|
r-devel-linux-x86_64-debian-clang | 0.2.4 | 106.33 | 26.22 | 132.55 | OK | |
r-devel-linux-x86_64-debian-gcc | 0.2.4 | 92.45 | 28.69 | 121.14 | OK | |
r-devel-linux-x86_64-fedora-clang | 0.2.4 | 215.56 | OK | |||
r-devel-linux-x86_64-fedora-gcc | 0.2.4 | 294.94 | OK | |||
r-devel-windows-x86_64 | 0.2.4 | 109.00 | 82.00 | 191.00 | OK | |
r-patched-linux-x86_64 | 0.2.4 | 122.67 | 36.06 | 158.73 | OK | |
r-release-linux-x86_64 | 0.2.4 | 123.43 | 36.15 | 159.58 | OK | |
r-release-macos-arm64 | 0.2.4 | 86.00 | OK | |||
r-release-macos-x86_64 | 0.2.4 | 142.00 | OK | |||
r-release-windows-x86_64 | 0.2.4 | 111.00 | 83.00 | 194.00 | OK | |
r-oldrel-macos-arm64 | 0.2.4 | 83.00 | NOTE | |||
r-oldrel-macos-x86_64 | 0.2.4 | 169.00 | NOTE | |||
r-oldrel-windows-x86_64 | 0.2.4 | 126.00 | 93.00 | 219.00 | OK |
Version: 0.2.4
Check: installed package size
Result: NOTE
installed size is 50.5Mb
sub-directories of 1Mb or more:
libs 49.5Mb
Flavors: r-oldrel-macos-arm64, r-oldrel-macos-x86_64