Last updated on 2025-05-22 03:50:34 CEST.
Flavor | Version | Tinstall | Tcheck | Ttotal | Status | Flags |
---|---|---|---|---|---|---|
r-devel-linux-x86_64-debian-clang | 1.0.0.1 | 14.59 | 118.02 | 132.61 | OK | |
r-devel-linux-x86_64-debian-gcc | 1.0.0.1 | 11.48 | 82.70 | 94.18 | OK | |
r-devel-linux-x86_64-fedora-clang | 1.0.0.1 | 225.83 | OK | |||
r-devel-linux-x86_64-fedora-gcc | 1.0.0.1 | 218.78 | OK | |||
r-devel-windows-x86_64 | 1.0.0.1 | 18.00 | 158.00 | 176.00 | OK | |
r-patched-linux-x86_64 | 1.0.0.1 | 16.18 | 112.60 | 128.78 | OK | |
r-release-linux-x86_64 | 1.0.0.1 | 14.53 | 113.39 | 127.92 | OK | |
r-release-macos-arm64 | 1.0.0.1 | 92.00 | OK | |||
r-release-macos-x86_64 | 1.0.0.1 | 130.00 | OK | |||
r-release-windows-x86_64 | 1.0.0.1 | 17.00 | 171.00 | 188.00 | OK | |
r-oldrel-macos-arm64 | 1.0.0.1 | 68.00 | NOTE | |||
r-oldrel-macos-x86_64 | 1.0.0.1 | 195.00 | NOTE | |||
r-oldrel-windows-x86_64 | 1.0.0.1 | 22.00 | 161.00 | 183.00 | NOTE |
Version: 1.0.0.1
Check: installed files from ‘inst/doc’
Result: NOTE
The following files should probably not be installed:
‘econet.tex’
Consider the use of a .Rinstignore file: see ‘Writing R Extensions’,
or move the vignette sources from ‘inst/doc’ to ‘vignettes’.
Flavors: r-oldrel-macos-arm64, r-oldrel-macos-x86_64, r-oldrel-windows-x86_64