Last updated on 2025-05-19 20:49:50 CEST.
Flavor | Version | Tinstall | Tcheck | Ttotal | Status | Flags |
---|---|---|---|---|---|---|
r-devel-linux-x86_64-debian-clang | 0.2.4 | 67.24 | 90.93 | 158.17 | OK | |
r-devel-linux-x86_64-debian-gcc | 0.2.4 | 47.95 | 63.69 | 111.64 | OK | |
r-devel-linux-x86_64-fedora-clang | 0.2.4 | 250.59 | OK | |||
r-devel-linux-x86_64-fedora-gcc | 0.2.4 | 297.53 | OK | |||
r-devel-windows-x86_64 | 0.2.4 | 68.00 | 141.00 | 209.00 | OK | |
r-patched-linux-x86_64 | 0.2.4 | 72.44 | 82.21 | 154.65 | OK | |
r-release-linux-x86_64 | 0.2.4 | 65.50 | 82.91 | 148.41 | OK | |
r-release-macos-arm64 | 0.2.4 | 79.00 | OK | |||
r-release-macos-x86_64 | 0.2.4 | 147.00 | OK | |||
r-release-windows-x86_64 | 0.2.4 | 75.00 | 136.00 | 211.00 | OK | |
r-oldrel-macos-arm64 | 0.2.4 | 85.00 | NOTE | |||
r-oldrel-macos-x86_64 | 0.2.4 | 128.00 | NOTE | |||
r-oldrel-windows-x86_64 | 0.2.4 | 83.00 | 159.00 | 242.00 | OK |
Version: 0.2.4
Check: installed package size
Result: NOTE
installed size is 13.5Mb
sub-directories of 1Mb or more:
doc 1.3Mb
libs 11.7Mb
Flavors: r-oldrel-macos-arm64, r-oldrel-macos-x86_64