Last updated on 2025-04-29 13:51:22 CEST.
Flavor | Version | Tinstall | Tcheck | Ttotal | Status | Flags |
---|---|---|---|---|---|---|
r-devel-linux-x86_64-debian-clang | 0.3.2 | 5.84 | 60.34 | 66.18 | NOTE | |
r-devel-linux-x86_64-debian-gcc | 0.3.2 | 3.82 | 42.26 | 46.08 | OK | |
r-devel-linux-x86_64-fedora-clang | 0.3.2 | 113.38 | OK | |||
r-devel-linux-x86_64-fedora-gcc | 0.3.2 | 100.88 | OK | |||
r-devel-windows-x86_64 | 0.3.2 | 7.00 | 76.00 | 83.00 | OK | |
r-patched-linux-x86_64 | 0.3.2 | 5.92 | 57.50 | 63.42 | OK | |
r-release-linux-x86_64 | 0.3.2 | 4.72 | 56.66 | 61.38 | OK | |
r-release-macos-arm64 | 0.3.2 | 31.00 | OK | |||
r-release-macos-x86_64 | 0.3.2 | 63.00 | OK | |||
r-release-windows-x86_64 | 0.3.2 | 6.00 | 79.00 | 85.00 | OK | |
r-oldrel-macos-arm64 | 0.3.2 | 29.00 | OK | |||
r-oldrel-macos-x86_64 | 0.3.2 | 49.00 | OK | |||
r-oldrel-windows-x86_64 | 0.3.2 | 6.00 | 87.00 | 93.00 | OK |
Version: 0.3.2
Check: examples
Result: NOTE
Examples with CPU (user + system) or elapsed time > 5s
user system elapsed
eLNNpairedCov 6.448 0.114 9.500
eLNNpairedCovSEM 5.115 0.012 6.897
Flavor: r-devel-linux-x86_64-debian-clang