Last updated on 2024-06-29 11:49:11 CEST.
Flavor | Version | Tinstall | Tcheck | Ttotal | Status | Flags |
---|---|---|---|---|---|---|
r-devel-linux-x86_64-debian-clang | 1.2.3 | 5.54 | 52.25 | 57.79 | NOTE | |
r-devel-linux-x86_64-debian-gcc | 1.2.3 | 4.22 | 40.41 | 44.63 | NOTE | |
r-devel-linux-x86_64-fedora-clang | 1.2.3 | 73.98 | NOTE | |||
r-devel-linux-x86_64-fedora-gcc | 1.2.3 | 75.98 | NOTE | |||
r-devel-windows-x86_64 | 1.2.3 | 6.00 | 58.00 | 64.00 | NOTE | |
r-patched-linux-x86_64 | 1.2.3 | 10.07 | 50.07 | 60.14 | NOTE | |
r-release-linux-x86_64 | 1.2.3 | 3.80 | 51.02 | 54.82 | NOTE | |
r-release-macos-arm64 | 1.2.3 | 26.00 | NOTE | |||
r-release-macos-x86_64 | 1.2.3 | 42.00 | NOTE | |||
r-release-windows-x86_64 | 1.2.3 | 6.00 | 59.00 | 65.00 | NOTE | |
r-oldrel-macos-arm64 | 1.2.3 | 27.00 | OK | |||
r-oldrel-macos-x86_64 | 1.2.3 | 37.00 | OK | |||
r-oldrel-windows-x86_64 | 1.2.3 | 8.00 | 66.00 | 74.00 | OK |
Version: 1.2.3
Check: Rd files
Result: NOTE
checkRd: (-1) dynsim.Rd:48: Lost braces in \itemize; \value handles \item{}{} directly
checkRd: (-1) dynsim.Rd:49: Lost braces in \itemize; \value handles \item{}{} directly
checkRd: (-1) dynsim.Rd:50-51: Lost braces in \itemize; \value handles \item{}{} directly
checkRd: (-1) dynsim.Rd:52: Lost braces in \itemize; \value handles \item{}{} directly
checkRd: (-1) dynsim.Rd:53-54: Lost braces in \itemize; \value handles \item{}{} directly
checkRd: (-1) dynsim.Rd:55-56: Lost braces in \itemize; \value handles \item{}{} directly
checkRd: (-1) dynsim.Rd:57-58: Lost braces in \itemize; \value handles \item{}{} directly
checkRd: (-1) dynsim.Rd:59-60: Lost braces in \itemize; \value handles \item{}{} directly
Flavors: r-devel-linux-x86_64-debian-clang, r-devel-linux-x86_64-debian-gcc, r-devel-linux-x86_64-fedora-clang, r-devel-linux-x86_64-fedora-gcc, r-devel-windows-x86_64, r-patched-linux-x86_64, r-release-linux-x86_64, r-release-macos-arm64, r-release-macos-x86_64, r-release-windows-x86_64