Last updated on 2024-06-29 23:49:50 CEST.
Flavor | Version | Tinstall | Tcheck | Ttotal | Status | Flags |
---|---|---|---|---|---|---|
r-devel-linux-x86_64-debian-clang | 0.1.0 | 4.87 | 37.36 | 42.23 | OK | |
r-devel-linux-x86_64-debian-gcc | 0.1.0 | 3.79 | 28.09 | 31.88 | OK | |
r-devel-linux-x86_64-fedora-clang | 0.1.0 | 52.46 | NOTE | |||
r-devel-linux-x86_64-fedora-gcc | 0.1.0 | 54.62 | NOTE | |||
r-devel-windows-x86_64 | 0.1.0 | 5.00 | 49.00 | 54.00 | OK | |
r-patched-linux-x86_64 | 0.1.0 | 4.48 | 35.39 | 39.87 | OK | |
r-release-linux-x86_64 | 0.1.0 | 3.73 | 36.12 | 39.85 | OK | |
r-release-macos-arm64 | 0.1.0 | 22.00 | OK | |||
r-release-macos-x86_64 | 0.1.0 | 29.00 | OK | |||
r-release-windows-x86_64 | 0.1.0 | 5.00 | 49.00 | 54.00 | OK | |
r-oldrel-macos-arm64 | 0.1.0 | 22.00 | OK | |||
r-oldrel-macos-x86_64 | 0.1.0 | 29.00 | OK | |||
r-oldrel-windows-x86_64 | 0.1.0 | 6.00 | 53.00 | 59.00 | OK |
Version: 0.1.0
Check: dependencies in R code
Result: NOTE
Namespace in Imports field not imported from: ‘graphics’
All declared Imports should be used.
Flavors: r-devel-linux-x86_64-fedora-clang, r-devel-linux-x86_64-fedora-gcc