Last updated on 2024-08-24 16:48:58 CEST.
Flavor | Version | Tinstall | Tcheck | Ttotal | Status | Flags |
---|---|---|---|---|---|---|
r-devel-linux-x86_64-debian-clang | 0.2.3 | 24.44 | 64.19 | 88.63 | NOTE | |
r-devel-linux-x86_64-debian-gcc | 0.2.3 | 18.54 | 47.74 | 66.28 | NOTE | |
r-devel-linux-x86_64-fedora-clang | 0.2.3 | 158.05 | NOTE | |||
r-devel-linux-x86_64-fedora-gcc | 0.2.3 | 173.83 | NOTE | |||
r-devel-windows-x86_64 | 0.2.3 | 29.00 | 115.00 | 144.00 | NOTE | |
r-patched-linux-x86_64 | 0.2.3 | 26.10 | 62.25 | 88.35 | NOTE | |
r-release-linux-x86_64 | 0.2.3 | 26.65 | 62.49 | 89.14 | NOTE | |
r-release-macos-arm64 | 0.2.3 | 58.00 | NOTE | |||
r-release-macos-x86_64 | 0.2.3 | 78.00 | NOTE | |||
r-release-windows-x86_64 | 0.2.3 | 29.00 | 113.00 | 142.00 | NOTE | |
r-oldrel-macos-arm64 | 0.2.3 | 70.00 | NOTE | |||
r-oldrel-macos-x86_64 | 0.2.3 | 98.00 | NOTE | |||
r-oldrel-windows-x86_64 | 0.2.3 | 35.00 | 130.00 | 165.00 | NOTE |
Version: 0.2.3
Check: C++ specification
Result: NOTE
Specified C++11: please drop specification unless essential
Flavors: r-devel-linux-x86_64-debian-clang, r-devel-linux-x86_64-debian-gcc, r-devel-linux-x86_64-fedora-clang, r-devel-linux-x86_64-fedora-gcc, r-devel-windows-x86_64, r-patched-linux-x86_64, r-release-linux-x86_64, r-release-macos-arm64, r-release-macos-x86_64, r-release-windows-x86_64, r-oldrel-macos-arm64, r-oldrel-macos-x86_64, r-oldrel-windows-x86_64