CRAN Package Check Results for Package drgee

Last updated on 2025-04-17 03:51:02 CEST.

Flavor Version Tinstall Tcheck Ttotal Status Flags
r-devel-linux-x86_64-debian-clang 1.1.10 22.05 64.62 86.67 NOTE
r-devel-linux-x86_64-debian-gcc 1.1.10 14.18 47.62 61.80 NOTE
r-devel-linux-x86_64-fedora-clang 1.1.10 139.21 OK
r-devel-linux-x86_64-fedora-gcc 1.1.10 132.60 OK
r-devel-windows-x86_64 1.1.10 24.00 94.00 118.00 NOTE
r-patched-linux-x86_64 1.1.10 21.32 61.26 82.58 NOTE
r-release-linux-x86_64 1.1.10 20.98 60.97 81.95 NOTE
r-release-macos-arm64 1.1.10 44.00 OK
r-release-macos-x86_64 1.1.10 111.00 OK
r-release-windows-x86_64 1.1.10 24.00 93.00 117.00 NOTE
r-oldrel-macos-arm64 1.1.10 41.00 OK
r-oldrel-macos-x86_64 1.1.10 65.00 OK
r-oldrel-windows-x86_64 1.1.10 29.00 114.00 143.00 OK

Check Details

Version: 1.1.10
Check: Rd cross-references
Result: NOTE Found the following Rd file(s) with Rd \link{} targets missing package anchors: findRoots.Rd: nleqslv Please provide package anchors for all Rd \link{} targets not in the package itself and the base packages. Flavors: r-devel-linux-x86_64-debian-clang, r-devel-linux-x86_64-debian-gcc, r-devel-windows-x86_64, r-patched-linux-x86_64, r-release-linux-x86_64, r-release-windows-x86_64