Last updated on 2024-08-24 16:48:58 CEST.
Flavor | Version | Tinstall | Tcheck | Ttotal | Status | Flags |
---|---|---|---|---|---|---|
r-devel-linux-x86_64-debian-clang | 1.1.4 | 23.87 | 283.56 | 307.43 | NOTE | |
r-devel-linux-x86_64-debian-gcc | 1.1.4 | 13.70 | 188.39 | 202.09 | NOTE | |
r-devel-linux-x86_64-fedora-clang | 1.1.4 | 413.03 | NOTE | |||
r-devel-linux-x86_64-fedora-gcc | 1.1.4 | 295.17 | NOTE | |||
r-devel-windows-x86_64 | 1.1.4 | 32.00 | 294.00 | 326.00 | NOTE | |
r-patched-linux-x86_64 | 1.1.4 | 27.17 | 263.97 | 291.14 | OK | |
r-release-linux-x86_64 | 1.1.4 | 21.56 | 265.59 | 287.15 | OK | |
r-release-macos-arm64 | 1.1.4 | 137.00 | OK | |||
r-release-macos-x86_64 | 1.1.4 | 232.00 | OK | |||
r-release-windows-x86_64 | 1.1.4 | 31.00 | 296.00 | 327.00 | OK | |
r-oldrel-macos-arm64 | 1.1.4 | 136.00 | OK | |||
r-oldrel-macos-x86_64 | 1.1.4 | 480.00 | OK | |||
r-oldrel-windows-x86_64 | 1.1.4 | 38.00 | 384.00 | 422.00 | OK |
Version: 1.1.4
Check: compiled code
Result: NOTE
File ‘dplyr/libs/dplyr.so’:
Found non-API calls to R: ‘LEVELS’, ‘PRVALUE’,
‘R_shallow_duplicate_attr’, ‘SET_PRCODE’, ‘SET_PRENV’,
‘SET_PRVALUE’
Compiled code should not call non-API entry points in R.
See ‘Writing portable packages’ in the ‘Writing R Extensions’ manual,
and section ‘Moving into C API compliance’ for issues with the use of
non-API entry points.
Flavors: r-devel-linux-x86_64-debian-clang, r-devel-linux-x86_64-debian-gcc, r-devel-linux-x86_64-fedora-clang, r-devel-linux-x86_64-fedora-gcc
Version: 1.1.4
Check: data for non-ASCII characters
Result: NOTE
Note: found 4 marked UTF-8 strings
Flavors: r-devel-linux-x86_64-fedora-clang, r-devel-linux-x86_64-fedora-gcc
Version: 1.1.4
Check: compiled code
Result: NOTE
File 'dplyr/libs/x64/dplyr.dll':
Found non-API calls to R: 'LEVELS', 'PRVALUE',
'R_shallow_duplicate_attr', 'SET_PRCODE', 'SET_PRENV',
'SET_PRVALUE'
Compiled code should not call non-API entry points in R.
See 'Writing portable packages' in the 'Writing R Extensions' manual,
and section 'Moving into C API compliance' for issues with the use of
non-API entry points.
Flavor: r-devel-windows-x86_64