Last updated on 2025-02-21 19:50:24 CET.
Flavor | Version | Tinstall | Tcheck | Ttotal | Status | Flags |
---|---|---|---|---|---|---|
r-devel-linux-x86_64-debian-clang | 0.4.1 | 2.46 | 40.38 | 42.84 | OK | |
r-devel-linux-x86_64-debian-gcc | 0.4.1 | 1.78 | 33.14 | 34.92 | OK | |
r-devel-linux-x86_64-fedora-clang | 0.4.1 | 67.69 | OK | |||
r-devel-linux-x86_64-fedora-gcc | 0.4.1 | 79.11 | OK | |||
r-devel-macos-arm64 | 0.4.1 | 39.00 | OK | |||
r-devel-macos-x86_64 | 0.4.1 | 62.00 | OK | |||
r-devel-windows-x86_64 | 0.4.1 | 6.00 | 61.00 | 67.00 | OK | |
r-patched-linux-x86_64 | 0.4.1 | 2.45 | 38.44 | 40.89 | OK | |
r-release-linux-x86_64 | 0.4.1 | 2.39 | 38.18 | 40.57 | OK | |
r-release-macos-arm64 | 0.4.1 | 38.00 | NOTE | |||
r-release-macos-x86_64 | 0.4.1 | 56.00 | NOTE | |||
r-release-windows-x86_64 | 0.4.1 | 5.00 | 61.00 | 66.00 | NOTE | |
r-oldrel-macos-arm64 | 0.4.1 | 39.00 | NOTE | |||
r-oldrel-macos-x86_64 | 0.4.1 | 54.00 | NOTE | |||
r-oldrel-windows-x86_64 | 0.4.1 | 5.00 | 90.00 | 95.00 | NOTE |
Version: 0.4.1
Check: installed package size
Result: NOTE
installed size is 5.4Mb
sub-directories of 1Mb or more:
assets 2.9Mb
doc 2.2Mb
Flavors: r-release-macos-arm64, r-release-macos-x86_64, r-release-windows-x86_64, r-oldrel-macos-arm64, r-oldrel-macos-x86_64, r-oldrel-windows-x86_64