Last updated on 2024-06-27 10:49:29 CEST.
Flavor | Version | Tinstall | Tcheck | Ttotal | Status | Flags |
---|---|---|---|---|---|---|
r-devel-linux-x86_64-debian-clang | 1.0.17 | NOTE | ||||
r-devel-linux-x86_64-debian-gcc | 1.0.17 | 2.18 | 98.36 | 100.54 | NOTE | |
r-devel-linux-x86_64-fedora-clang | 1.0.17 | 158.93 | OK | |||
r-devel-linux-x86_64-fedora-gcc | 1.0.17 | 179.22 | OK | |||
r-devel-windows-x86_64 | 1.0.17 | 3.00 | 110.00 | 113.00 | OK | |
r-patched-linux-x86_64 | 1.0.17 | 1.97 | 120.08 | 122.05 | NOTE | |
r-release-linux-x86_64 | 1.0.17 | 2.73 | 125.28 | 128.01 | NOTE | |
r-release-macos-arm64 | 1.0.17 | 58.00 | OK | |||
r-release-macos-x86_64 | 1.0.17 | 88.00 | OK | |||
r-release-windows-x86_64 | 1.0.17 | 4.00 | 114.00 | 118.00 | OK | |
r-oldrel-macos-arm64 | 1.0.17 | 96.00 | OK | |||
r-oldrel-macos-x86_64 | 1.0.17 | 143.00 | OK | |||
r-oldrel-windows-x86_64 | 1.0.17 | 4.00 | 132.00 | 136.00 | OK |
Version: 1.0.17
Check: R code for possible problems
Result: NOTE
Found the following calls to attach():
File ‘doParallel/R/doParallel.R’:
attach(exportEnv)
See section ‘Good practice’ in ‘?attach’.
Flavors: r-devel-linux-x86_64-debian-clang, r-devel-linux-x86_64-debian-gcc, r-patched-linux-x86_64, r-release-linux-x86_64