Last updated on 2024-06-29 11:49:10 CEST.
Flavor | Version | Tinstall | Tcheck | Ttotal | Status | Flags |
---|---|---|---|---|---|---|
r-devel-linux-x86_64-debian-clang | 0.1.3 | 3.04 | 90.55 | 93.59 | NOTE | |
r-devel-linux-x86_64-debian-gcc | 0.1.3 | 3.05 | 64.30 | 67.35 | NOTE | |
r-devel-linux-x86_64-fedora-clang | 0.1.3 | 113.40 | NOTE | |||
r-devel-linux-x86_64-fedora-gcc | 0.1.3 | 126.43 | NOTE | |||
r-devel-windows-x86_64 | 0.1.3 | 5.00 | 96.00 | 101.00 | NOTE | |
r-patched-linux-x86_64 | 0.1.3 | 4.21 | 86.89 | 91.10 | NOTE | |
r-release-linux-x86_64 | 0.1.3 | 3.05 | 85.12 | 88.17 | NOTE | |
r-release-macos-arm64 | 0.1.3 | 42.00 | NOTE | |||
r-release-macos-x86_64 | 0.1.3 | 62.00 | NOTE | |||
r-release-windows-x86_64 | 0.1.3 | 4.00 | 93.00 | 97.00 | NOTE | |
r-oldrel-macos-arm64 | 0.1.3 | 42.00 | NOTE | |||
r-oldrel-macos-x86_64 | 0.1.3 | 69.00 | NOTE | |||
r-oldrel-windows-x86_64 | 0.1.3 | 5.00 | 113.00 | 118.00 | NOTE |
Version: 0.1.3
Check: LazyData
Result: NOTE
'LazyData' is specified without a 'data' directory
Flavors: r-devel-linux-x86_64-debian-clang, r-devel-linux-x86_64-debian-gcc, r-devel-linux-x86_64-fedora-clang, r-devel-linux-x86_64-fedora-gcc, r-devel-windows-x86_64, r-patched-linux-x86_64, r-release-linux-x86_64, r-release-macos-arm64, r-release-macos-x86_64, r-release-windows-x86_64, r-oldrel-macos-arm64, r-oldrel-macos-x86_64, r-oldrel-windows-x86_64