Last updated on 2025-04-29 13:51:21 CEST.
Flavor | Version | Tinstall | Tcheck | Ttotal | Status | Flags |
---|---|---|---|---|---|---|
r-devel-linux-x86_64-debian-clang | 1.0.4 | 1.91 | 516.22 | 518.13 | NOTE | |
r-devel-linux-x86_64-debian-gcc | 1.0.4 | 1.68 | 290.90 | 292.58 | NOTE | |
r-devel-linux-x86_64-fedora-clang | 1.0.4 | 839.20 | OK | |||
r-devel-linux-x86_64-fedora-gcc | 1.0.4 | 835.97 | OK | |||
r-devel-windows-x86_64 | 1.0.4 | 5.00 | 376.00 | 381.00 | OK | |
r-patched-linux-x86_64 | 1.0.4 | 2.36 | 491.89 | 494.25 | OK | |
r-release-linux-x86_64 | 1.0.4 | 2.52 | 488.43 | 490.95 | OK | |
r-release-macos-arm64 | 1.0.4 | 160.00 | OK | |||
r-release-macos-x86_64 | 1.0.4 | 355.00 | OK | |||
r-release-windows-x86_64 | 1.0.4 | 5.00 | 372.00 | 377.00 | OK | |
r-oldrel-macos-arm64 | 1.0.4 | 171.00 | OK | |||
r-oldrel-macos-x86_64 | 1.0.4 | 264.00 | OK | |||
r-oldrel-windows-x86_64 | 1.0.4 | 6.00 | 538.00 | 544.00 | OK |
Version: 1.0.4
Check: examples
Result: NOTE
Examples with CPU (user + system) or elapsed time > 5s
user system elapsed
load.data 7.29 0.066 9.583
Flavor: r-devel-linux-x86_64-debian-clang
Version: 1.0.4
Check: examples
Result: NOTE
Examples with CPU (user + system) or elapsed time > 5s
user system elapsed
load.data 4.945 0.369 6.355
Flavor: r-devel-linux-x86_64-debian-gcc