Last updated on 2024-06-29 23:49:50 CEST.
Flavor | Version | Tinstall | Tcheck | Ttotal | Status | Flags |
---|---|---|---|---|---|---|
r-devel-linux-x86_64-debian-clang | 2.8.2 | 36.34 | 97.06 | 133.40 | OK | |
r-devel-linux-x86_64-debian-gcc | 2.8.2 | 27.75 | 72.87 | 100.62 | OK | |
r-devel-linux-x86_64-fedora-clang | 2.8.2 | 165.13 | OK | |||
r-devel-linux-x86_64-fedora-gcc | 2.8.2 | 172.86 | OK | |||
r-devel-windows-x86_64 | 2.8.2 | 26.00 | 95.00 | 121.00 | OK | |
r-patched-linux-x86_64 | 2.8.2 | 34.36 | 92.05 | 126.41 | OK | |
r-release-linux-x86_64 | 2.8.2 | 32.55 | 93.49 | 126.04 | OK | |
r-release-macos-arm64 | 2.8.2 | 46.00 | OK | |||
r-release-macos-x86_64 | 2.8.2 | 74.00 | NOTE | |||
r-release-windows-x86_64 | 2.8.2 | 24.00 | 102.00 | 126.00 | OK | |
r-oldrel-macos-arm64 | 2.8.2 | 66.00 | OK | |||
r-oldrel-macos-x86_64 | 2.8.2 | 99.00 | OK | |||
r-oldrel-windows-x86_64 | 2.8.2 | 36.00 | 110.00 | 146.00 | OK |
Version: 2.8.2
Check: package dependencies
Result: NOTE
Package suggested but not available for checking: ‘distrTEst’
Flavor: r-release-macos-x86_64