Last updated on 2025-04-29 13:51:21 CEST.
Flavor | Version | Tinstall | Tcheck | Ttotal | Status | Flags |
---|---|---|---|---|---|---|
r-devel-linux-x86_64-debian-clang | 0.4.2 | 4.89 | 102.01 | 106.90 | NOTE | |
r-devel-linux-x86_64-debian-gcc | 0.4.2 | 3.47 | 67.16 | 70.63 | OK | |
r-devel-linux-x86_64-fedora-clang | 0.4.2 | 172.67 | OK | |||
r-devel-linux-x86_64-fedora-gcc | 0.4.2 | 175.43 | OK | |||
r-devel-windows-x86_64 | 0.4.2 | 7.00 | 135.00 | 142.00 | OK | |
r-patched-linux-x86_64 | 0.4.2 | 6.23 | 97.81 | 104.04 | OK | |
r-release-linux-x86_64 | 0.4.2 | 3.99 | 96.29 | 100.28 | OK | |
r-release-macos-arm64 | 0.4.2 | 66.00 | OK | |||
r-release-macos-x86_64 | 0.4.2 | 120.00 | OK | |||
r-release-windows-x86_64 | 0.4.2 | 8.00 | 139.00 | 147.00 | OK | |
r-oldrel-macos-arm64 | 0.4.2 | 53.00 | OK | |||
r-oldrel-macos-x86_64 | 0.4.2 | 107.00 | OK | |||
r-oldrel-windows-x86_64 | 0.4.2 | 8.00 | 161.00 | 169.00 | OK |
Version: 0.4.2
Check: examples
Result: NOTE
Examples with CPU (user + system) or elapsed time > 5s
user system elapsed
plot.dirichletprocess 4.396 0.034 5.308
Flavor: r-devel-linux-x86_64-debian-clang