CRAN Package Check Results for Package dipm

Last updated on 2025-05-01 14:49:08 CEST.

Flavor Version Tinstall Tcheck Ttotal Status Flags
r-devel-linux-x86_64-debian-clang 1.10 12.54 80.90 93.44 NOTE
r-devel-linux-x86_64-debian-gcc 1.10 9.29 57.99 67.28 OK
r-devel-linux-x86_64-fedora-clang 1.10 144.55 NOTE
r-devel-linux-x86_64-fedora-gcc 1.10 130.33 OK
r-devel-windows-x86_64 1.10 17.00 96.00 113.00 OK
r-patched-linux-x86_64 1.10 13.09 75.29 88.38 OK
r-release-linux-x86_64 OK
r-release-macos-arm64 1.10 40.00 OK
r-release-macos-x86_64 1.10 66.00 OK
r-release-windows-x86_64 1.10 18.00 101.00 119.00 OK
r-oldrel-macos-arm64 1.10 46.00 OK
r-oldrel-macos-x86_64 1.10 70.00 OK
r-oldrel-windows-x86_64 1.10 21.00 113.00 134.00 OK

Check Details

Version: 1.10
Check: differences from ‘dipm-Ex.Rout’ to ‘dipm-Ex.Rout.save’
Result: NOTE 66,67d65 < OMP: Warning #96: Cannot form a team with 32 threads, using 3 instead. < OMP: Hint Consider unsetting KMP_DEVICE_THREAD_LIMIT (KMP_ALL_THREADS), KMP_TEAMS_THREAD_LIMIT, and OMP_THREAD_LIMIT (if any are set). Flavor: r-devel-linux-x86_64-debian-clang

Version: 1.10
Check: differences from ‘dipm-Ex.Rout’ to ‘dipm-Ex.Rout.save’
Result: NOTE 66,67d65 < OMP: Warning #96: Cannot form a team with 24 threads, using 2 instead. < OMP: Hint Consider unsetting KMP_DEVICE_THREAD_LIMIT (KMP_ALL_THREADS), KMP_TEAMS_THREAD_LIMIT, and OMP_THREAD_LIMIT (if any are set). Flavor: r-devel-linux-x86_64-fedora-clang