Last updated on 2024-06-29 11:49:10 CEST.
Flavor | Version | Tinstall | Tcheck | Ttotal | Status | Flags |
---|---|---|---|---|---|---|
r-devel-linux-x86_64-debian-clang | 1.0.1 | 51.07 | 583.43 | 634.50 | OK | |
r-devel-linux-x86_64-debian-gcc | 1.0.1 | 44.86 | 419.68 | 464.54 | OK | |
r-devel-linux-x86_64-fedora-clang | 1.0.1 | 785.57 | OK | |||
r-devel-linux-x86_64-fedora-gcc | 1.0.1 | 795.34 | OK | |||
r-devel-windows-x86_64 | 1.0.1 | 56.00 | 583.00 | 639.00 | OK | |
r-patched-linux-x86_64 | 1.0.1 | 59.08 | 552.70 | 611.78 | OK | |
r-release-linux-x86_64 | 1.0.1 | 57.38 | 550.59 | 607.97 | OK | |
r-release-macos-arm64 | 1.0.1 | 203.00 | OK | |||
r-release-macos-x86_64 | 1.0.1 | 353.00 | OK | |||
r-release-windows-x86_64 | 1.0.1 | 54.00 | 581.00 | 635.00 | OK | |
r-oldrel-macos-arm64 | 1.0.1 | 175.00 | NOTE | |||
r-oldrel-macos-x86_64 | 1.0.1 | 266.00 | NOTE | |||
r-oldrel-windows-x86_64 | 1.0.1 | 68.00 | 607.00 | 675.00 | OK |
Version: 1.0.1
Check: package dependencies
Result: NOTE
Packages suggested but not available for checking: 'rhdf5', 'HDF5Array'
Flavors: r-oldrel-macos-arm64, r-oldrel-macos-x86_64
Version: 1.0.1
Check: Rd cross-references
Result: NOTE
Package unavailable to check Rd xrefs: ‘HDF5Array’
Flavors: r-oldrel-macos-arm64, r-oldrel-macos-x86_64